rs of 300818068.
2, 75204517
List the prime factors of 19506940.
2, 5, 197, 4951
What are the prime factors of 1072261?
127, 8443
List the prime factors of 61240844.
2, 7, 509, 4297
List the prime factors of 67180306.
2, 1427, 23539
List the prime factors of 61546611.
3, 7, 2930791
What are the prime factors of 156589017?
3, 13, 149, 26947
What are the prime factors of 1266770636?
2, 316692659
List the prime factors of 518538010.
2, 5, 241, 215161
List the prime factors of 2264742752.
2, 47, 1505813
What are the prime factors of 282548844?
2, 3, 2616193
List the prime factors of 234078076.
2, 1511, 38729
What are the prime factors of 3794145494?
2, 41, 97, 477011
List the prime factors of 6633892100.
2, 5, 11, 29, 71, 101
What are the prime factors of 48953565?
3, 5, 43, 937
What are the prime factors of 1544000900?
2, 5, 13, 103, 887
What are the prime factors of 391655006?
2, 195827503
What are the prime factors of 88317285?
3, 5, 7, 229, 3673
What are the prime factors of 342479333?
7, 2011, 24329
List the prime factors of 5144248345.
5, 31, 33188699
What are the prime factors of 315255327?
3, 17, 6181477
List the prime factors of 13466953.
19, 127, 5581
What are the prime factors of 491197303?
17, 107, 270037
List the prime factors of 7122769679.
7122769679
What are the prime factors of 4476940555?
5, 895388111
List the prime factors of 22236939.
3, 29, 85199
What are the prime factors of 1528603738?
2, 31, 41, 601339
What are the prime factors of 747968724?
2, 3, 59, 157, 2243
List the prime factors of 42666680.
2, 5, 7, 152381
List the prime factors of 47969946.
2, 3, 19, 140263
List the prime factors of 983637900.
2, 3, 5, 7, 43, 3631
List the prime factors of 49952723.
49952723
What are the prime factors of 366732106?
2, 13, 14105081
What are the prime factors of 195081289?
13, 29, 517457
What are the prime factors of 21374362?
2, 907, 11783
What are the prime factors of 401449322?
2, 17, 694549
What are the prime factors of 158749729?
31, 5120959
What are the prime factors of 4819879457?
17, 251, 1129571
List the prime factors of 240519494.
2, 120259747
List the prime factors of 1222429929.
3, 7, 43, 1353743
List the prime factors of 287222069.
19, 43, 18503
List the prime factors of 1525285509.
3, 11, 17, 2718869
List the prime factors of 107162852.
2, 26790713
List the prime factors of 29153326.
2, 103, 137, 1033
List the prime factors of 844721230.
2, 5, 23, 149, 157
List the prime factors of 91999264.
2, 7, 23, 2551
What are the prime factors of 41988284?
2, 13, 251, 3217
What are the prime factors of 3186578144?
2, 131, 449, 1693
List the prime factors of 36942505.
5, 727, 10163
What are the prime factors of 982987542?
2, 3, 2477, 7349
List the prime factors of 63036735.
3, 5, 4202449
List the prime factors of 2135181299.
479, 593, 7517
List the prime factors of 183905875.
5, 157, 9371
List the prime factors of 20369127.
3, 97, 69997
List the prime factors of 3810655845.
3, 5, 73, 283, 4099
What are the prime factors of 59895116?
2, 14973779
List the prime factors of 14331805.
5, 919, 3119
What are the prime factors of 185998510?
2, 5, 18599851
List the prime factors of 76024595.
5, 17, 894407
What are the prime factors of 965644610?
2, 5, 7, 29, 47, 349
List the prime factors of 279467251.
7, 53, 67, 11243
What are the prime factors of 882736525?
5, 11, 3209951
What are the prime factors of 243595603?
243595603
List the prime factors of 312558044.
2, 313, 249647
List the prime factors of 3604882385.
5, 13, 17, 250949
What are the prime factors of 168966200?
2, 5, 13, 4999
What are the prime factors of 888858383?
7, 18139967
What are the prime factors of 10805843?
10805843
What are the prime factors of 41046783?
3, 19, 151, 251
List the prime factors of 5289722530.
2, 5, 528972253
List the prime factors of 5485816230.
2, 3, 5, 19, 9624239
What are the prime factors of 432090255?
3, 5, 37, 778541
What are the prime factors of 1206279887?
1206279887
List the prime factors of 311165031.
3, 41, 263, 9619
What are the prime factors of 1030172340?
2, 3, 5, 17169539
What are the prime factors of 81168480?
2, 3, 5, 6263
What are the prime factors of 44665?
5, 8933
List the prime factors of 121293805.
5, 29, 836509
List the prime factors of 1295910578.
2, 17, 38115017
What are the prime factors of 203018486?
2, 11, 307, 30059
List the prime factors of 1558130163.
3, 519376721
What are the prime factors of 3606226?
2, 13, 53, 2617
List the prime factors of 54961377.
3, 47, 389797
List the prime factors of 2035154348.
2, 3833, 132739
What are the prime factors of 430125540?
2, 3, 5, 13, 551443
What are the prime factors of 109933557?
3, 163, 224813
List the prime factors of 23363143.
233, 100271
List the prime factors of 2192439961.
167, 857, 15319
List the prime factors of 480182461.
11, 79, 271, 2039
What are the prime factors of 113437072?
2, 7, 1012831
List the prime factors of 252623826.
2, 3, 7, 13, 101, 509
What are the prime factors of 920955596?
2, 11, 43, 677, 719
What are the prime factors of 105070121?
13, 37, 61, 3581
List the prime factors of 96387037.
43, 2241559
List the prime factors of 53925264.
2, 3, 41609
What are the prime factors of 1892216262?
2, 3, 149, 2116573
List the prime factors of 229378449.
3, 76459483
List the prime factors of 464501282.
2, 7, 47, 100847
What are the prime factors of 566221998?
2, 3, 94370333
What are the prime factors of 1503865209?
3, 7, 11, 29, 224491
What are the prime factors of 20818136?
2, 2602267
What are the prime factors of 1138994309?
41, 83, 197, 1699
What are the prime factors of 141858312?
2, 3, 1523, 3881
List the prime factors of 4213058.
2, 2106529
List the prime factors of 41333409.
3, 13, 17, 2309
What are the prime factors of 63757136?
2, 1483, 2687
What are the prime factors of 4419307476?
2, 3, 521, 235621
List the prime factors of 51444003.
3, 13, 1319077
List the prime factors of 129920993.
19, 1123, 6089
What are the prime factors of 2722626106?
2, 4441, 306533
What are the prime factors of 1507866143?
7, 37, 41, 149, 953
List the prime factors of 432419137.
43, 197, 51047
List the prime factors of 90241301.
29, 3111769
List the prime factors of 578857792.
2, 31, 61, 4783
List the prime factors of 3611809563.
3, 3259, 369419
List the prime factors of 7854376.
2, 981797
What are the prime factors of 1578913032?
2, 3, 65788043
List the prime factors of 5021026299.
3, 137, 223, 2029
What are the prime factors of 293034762?
2, 3, 16279709
List the prime factors of 1053464657.
7, 653, 230467
List the prime factors of 53085357.
3, 13, 23, 19727
What are the prime factors of 73512068?
2, 7, 1151, 2281
What are the prime factors of 99046878?
2, 3, 7, 23, 102533
List the prime factors of 164196471.
3, 23, 2379659
List the prime factors of 10899816.
2, 3, 454159
List the prime factors of 10059215.
5, 2011843
List the prime factors of 6853929.
3, 41, 103, 541
What are the prime factors of 3233018491?
3233018491
What are the prime factors of 18388993?
7, 43, 199, 307
List the prime factors of 130484127.
3, 43494709
What are the prime factors of 2874772240?
2, 5, 389, 92377
What are the prime factors of 298351594?
2, 29, 409, 12577
What are the prime factors of 30323008?
2, 367, 1291
List the prime factors of 735100352.
2, 7, 29, 59, 137
List the prime factors of 41888786.
2, 20944393
List the prime factors of 38695339.
2593, 14923
What are the prime factors of 29187430?
2, 5, 31, 94153
What are the prime factors of 3037281411?
3, 149, 6794813
List the prime factors of 68942279.
7, 19, 41, 47, 269
What are the prime factors of 2497805548?
2, 7, 101, 883241
What are the prime factors of 2280839267?
7, 101, 1109, 2909
What are the prime factors of 6829086196?
2, 461, 1087, 3407
List the prime factors of 58114941.
3, 59, 328333
List the prime factors of 178419423.
3, 7, 13, 257, 2543
What are the prime factors of 297244188?
2, 3, 2752261
What are the prime factors of 2152843186?
2, 13, 197, 420313
What are the prime factors of 7790160202?
2, 11, 139, 2547469
What are the prime factors of 43434632?
2, 2081, 2609
What are the prime factors of 624101596?
2, 23, 6783713
List the prime factors of 73113950.
2, 5, 7, 13, 16069
List the prime factors of 19754999.
11, 23, 113, 691
List t